e value of 33 - 29 - (-14 + 4 - 0)?
14
Evaluate (11 - 1) + (-78 - -60).
-8
What is the value of 37 - (16 + 6 + 3)?
12
What is 9 - (-15 + 7 + (4 - -9))?
4
Evaluate 181 + -171 + (-10 - 1).
-1
What is (31 - (-11 + 30)) + 20?
32
What is -3 + 0 + (-11 - (-3 + 1 + -6))?
-6
(0 - 6) + 35 + -31 - (-2 + 0)
0
Calculate (0 + -11 - (-112 + 108)) + 30.
23
Calculate 12 - 10 - -5 - -6.
13
Evaluate 24 + (-17 - 7) + 3 - (-2 - -5).
0
Evaluate (3 - 12 - -16) + 5 - -11.
23
Calculate 8 - (0 - -2) - (-10 - (7 + -2)).
21
Evaluate (13 - 2) + (-1239 - -1233) + (0 - -6).
11
Evaluate 3 - (10 + (-3 - 1) - -7 - 3).
-7
Evaluate (1 - -10) + -126 + 131.
16
Evaluate -7 - -1 - (-10 - (9 + (-16 - 12))).
-15
Evaluate 2 + 10 + (12 - (-5 + 11)).
18
Evaluate -7 + 5 - 5 - -7.
0
Evaluate (-48 + 51 - (-2 - (-9 - 0))) + 5.
1
(0 - 22) + 249 + -238
-11
What is the value of 0 + 2 + 2 + -7 + -3 + -2?
-8
-14 - (-7 - 24) - 18
-1
10 + 4 + (-170 - -167)
11
Evaluate (408 - 397) + (0 - 16).
-5
What is 5 + -1 + -1 + (0 - -2)?
5
Calculate (-1 - -8 - 2 - (-26 - -36)) + 14.
9
(24 - 4) + -49 + 7
-22
Evaluate -17 + -2 + (-1 - ((-12 - 1) + 11)).
-18
Evaluate 14 + (-11 - -11) + -11.
3
Calculate 12 + -32 + -14 + 25.
-9
Calculate 1 + 20 + (72 - -19) + -82.
30
Evaluate 42 + -52 + (1 - -14).
5
What is 8 - ((-10 - -18) + (-1 - 2))?
3
What is the value of (-1 - (2 - -1)) + 8 - 22?
-18
Evaluate (-10 - -9 - (0 + -1)) + -1 - -1.
0
What is -80 + 31 + 16 - (-6 + -2 + 0)?
-25
Evaluate (5 + -21 - -13) + 0 + -7 + 2.
-8
(-14 - -9) + 1 - -31 - 2
25
Calculate 1 + -3 + -1 + 3 + 495 + -493.
2
Evaluate -2 + -2 - -15 - (-2 + (-3 - -10)).
6
What is the value of 3 - 16 - (2 - 7)?
-8
What is the value of (3 - (6 + -1)) + (-19 - -11) + 7?
-3
What is 1 + (-21 - (12 + -8 - 14))?
-10
Evaluate -2 + (3 - (11 - (8 + 0))).
-2
Evaluate 2 + (6 + -1 - (6 - 4)) - -2.
7
-8 - (-29 - (20 + -40))
1
Calculate 0 + 0 + (0 - (1 + -12)) + 3.
14
-12 + -2 + -2 + 4 + (-8 - -11)
-9
Calculate (5 - -1 - 10 - (-3 - -3)) + -15.
-19
Evaluate -1 + 5 - (12 + -14 - 8).
14
(-1 - (-7 + (7 + -4 - -3))) + 8
8
What is the value of 6 + (-18 - -2) + -2 + -9 - -6?
-15
What is the value of 0 + -2 - 5 - (-91 + 86) - -4?
2
0 + 0 - (-1 + -2) - (26 + -35)
12
What is (-12 - -27 - -1) + -20?
-4
5 - (-10 + -2 + (11 - 7))
13
What is -6 - (13 + 7 - 7)?
-19
What is 9 + -2 + 12 + -27?
-8
Calculate 1 + -2 - (-9 + (27 - 12)).
-7
What is the value of 2 + 0 - (36 + -37)?
3
Calculate (-2 - 33) + -19 + -11 + 47.
-18
Evaluate 1 - 32 - (-38 - -21).
-14
Evaluate -2 + -3 - (-18 - (-3 - -2)).
12
-1 - ((2 - 5) + 1) - (-1 - -3)
-1
Evaluate 52 + ((-28 - -9) + 36 - 34).
35
(4 - (12 - (2 - 5))) + -1 - -2
-10
Calculate -1 + 2 + -14 + (38 - (30 + 11)).
-16
What is the value of (3 - (6 + (-10 - 13))) + -10?
10
Calculate -7 - (10 + -23) - (-3 - -15) - -4.
-2
(10 - 14) + -7 - -13
2
Calculate 1 + -25 + -6 + 19 + -3.
-14
5 + (19 - 26 - (0 + -4))
2
Evaluate 28 + -6 - ((-1 - -8) + 3 - 2).
14
Calculate 0 + 0 + 27 + (14 - 37) - -6.
10
(2 - -2) + 7 + (0 - (18 - 34))
27
What is -37 + -10 + 38 + -22?
-31
Evaluate (-42 - -41) + (-1 - 4).
-6
What is the value of 11 - (10 - (29 - 18))?
12
Evaluate (0 - -5) + -13 - -16.
8
-3 + -8 + (10 - 15)
-16
(-5 - -2 - -11) + -2 - (-9 + 19)
-4
642 + -646 + (1 - -1)
-2
What is (15 - 4) + (-28 - -31)?
14
Calculate -35 + (-6 - (11 - 10 - 11)).
-31
Evaluate 5 - (0 + 16) - 2.
-13
What is 19 + (-1 - -3) + 106 + -138 + 21?
10
What is the value of 118 - 104 - (0 + -2)?
16
What is (1 - -4) + (-1129 - -1127)?
3
Evaluate (-14 - 0) + 21 - (12 - (5 + -7)).
-7
What is 8 - (-6 - -2) - (11 - (14 - -1))?
16
What is -8 + 61 - 37 - (-3 + -2)?
21
What is 0 + -9 - ((-1 - -2) + -5 + 5)?
-10
What is the value of 22 + (31 - 72) + -1 + -2?
-22
Evaluate (28 + -15 - -2) + 0 + 7.
22
-6 - (11 + -11 + 4) - 14
-24
What is the value of -13 + 9 - -8 - -9 - (1 - -1)?
11
-1 + 10 - 3 - (-9 - -3)
12
What is the value of -1 + -4 + -6 + (17 - -3)?
9
Evaluate (14 - 16) + 2 - 12.
-12
Evaluate (4 - -1) + (45 - (1 - -48)).
1
What is (-5 - 2) + 11 + 2 + (-10 - 1)?
-5
11 - (-1 - -5 - (236 + -262))
-19
Calculate 60 + -73 - (-6 - 3).
-4
Evaluate (1 - -14) + 11 + -41 + 26.
11
What is the value of (4 - 10) + (-22 - -10)?
-18
Calculate -61 - -53 - (-2 + -22 + (0 - 2)).
18
Evaluate (-1 - 0) + -63 + 59.
-5
What is (-14 - 0 - (-14 + 6)) + 25?
19
Evaluate (7 + -7 - -2 - -10) + -23.
-11
What is the value of -1 - 8 - (-3 + (17 - (5 + 2)))?
-16
What is the value of -9 - (-1 + -21 - (13 - (27 + -18)))?
17
What is the value of 14 + (-5 - (3 + 5 + -4)) - -1?
6
What is the value of (19 - 1) + 0 - (65 - (3 - -51))?
7
What is the value of 38 + -79 + 71 + -30?
0
Calculate (-2 - -4) + (7 + (6 - 14) - 0).
1
Evaluate 10 + (-9 - 3 - (-4 + -5)).
7
Calculate -9 + 42 + 5 + -4.
34
Evaluate (7 - (0 + 1)) + (-31 - 19) + 34.
-10
What is (-5 - -2) + 12 + 10 + -11?
8
211 - 200 - (3 + -6)
14
(83 + -26 - 27) + 3
33
14 + -9 + 5 + -22
-12
Evaluate 23 - (10 + 12 + 8).
-7
What is -5 - ((-8 - -5) + (10 - 6))?
-6
Evaluate -13 + (17 - 20 - -12).
-4
What is the value of 1 + 1 + (-8 + 17 - 10) + -13?
-12
What is (-9 - (-1 + -9)) + -13 + -1 + 1?
-12
-375 + 360 - (-3 + -8 + -3)
-1
What is the value of (7 - -1) + (4 - ((-3 - 1) + 23))?
-7
What is 9 + (1 - -9 - (10 + -1))?
10
What is -10 - (16 + -16) - -35?
25
-6 + (2 + -4 - -7) + 1 + -5
-5
Calculate 1 - (11 - -2) - (6 + 52 + -55).
-15
What is -18 - -11 - -21 - (1 - 0 - -5)?
8
Evaluate 3 + (-21 - (-11 + -2)) - -4.
-1
Evaluate 2 - (15 + (7 - 2) + -6).
-12
Calculate 22 - (-7 + 8 - -12) - -2.
11
Calculate -3 + 15 - (-1 - -2).
11
Calculate (41 - 21 - 15) + -23.
-18
What is -25 + (-23 - (-90 + 35))?
7
Evaluate 0 - (-5 + 2) - (0 + -6).
9
Calculate -14 - 2 - -13 - 4.
-7
What is the value of -8 + 37 + (-37 - -22)?
14
What is 6 + 10 + (-2 - (-1 - -7))?
8
Evaluate 17 + (-12 - -11) + -2 - (0 - 3).
17
What is the value of 6 + (-1 - -15) + (17 - 14)?
23
Evaluate 2 - (0 - 11 - -1 - (-103 + 111)).
20
Calculate 18 - (32 + -34 - (2 - 0)).
22
17 - ((18 - (7 - 0)) + -3)
9
What is -9 + (-7 + (-3 - -2) - -33 - 11)?
5
What is the value of -11 - ((-4 - -9) + -10)?
-6
What is the value of 5 + 19 - (46 - 8)?
-14
What is 10 - (31 + -35 - -29)?
-15
What is -5 + 3 + -6 + -2 - -26?
16
What is -16 + 22 + (-24 - -23)?
5
What is the value of 5 + -15 + 38 + -16?
12
What is -36 + 20 + 8 + -2?
-10
Calculate (69 + -76 - (2 - 10 - -2)) + -10.
-11
What is (23 - (11 - (5 + -1))) + -1 + -6?
9
What is 22 + -6 - (1 + (-5 - -1) - 4)?
23
-71 + 73 - (-5 + 1)
6
Calculate -4 - -23 - (48 + -45).
16
-6 + -10 + (-17 - -11) + (2 - -10)
-10
Evaluate (-30 + 17 - -3) + (-1 - 6).
-17
What is -9 - -2 - -2 - -32?
27
Calculate (2 - 1) + 5 - (98 - 89) - 12.
-15
Calculate -5 - (-1 - (2 + 21) - (38 - 46)).
11
Calculate 33 - (-27 + 15) - 30.
15
Evaluate -112 - -104 - (-1 + -4).
-3
-2 - -9 - (21 + -10)
-4
-12 + 22 + 3 + (2 - 4)
11
What is the value of 13 + -9 + (2 - (-1 + -5 + 5))?
7
(-5 - -4 - (3 + 1)) + 6 + -1
0
What is 77 + -83 + -2 + 5 + 2 + 0?
-1
Calculate 0 - 4 - (-30 + -9 + 49).
-14
What is the value of -12 - (-12 - 16 - -36)?
-20
What is -8 + (0 + 17 - (-8 + 18 + -2))?
1
Evaluate (-397 - -391) + (1 - (0 + -3)).
-2
Calculate -7 + 6 + -4 + -1 + -18 + 12.
-12
Evaluate -16 - ((-9 - 8) + 2) - 19.
-20
What is 0 - (3 + -19) - (665 - 649)?
0
What is the value of 4 - (-1 - 50 - (319 + -336))?
38
Calculate -13 + (9 - (2 + 26 + -1)).
-31
6 + (2 - (-2 - (2 - 11)) - -4)
5
-3 - (-7 - (-7 - 9 - -9))
-3
What is the value of -1 - (5 + 10 + -2 + 2 + -18)?
2
Calculate 13 + -12 + 0 - 35.
-34
Calculate -3 + (2 - (-9 + 17 - 23)).
14
What is -9 + 4 - 4 - -6?
-3
-6 + 11 - 4 - (4 + 1)
-4
What is (-15 + -9 - -21) + (-12 - -2)?
-13
What is -15 - (0 - 0) - (-43 + 16 - -24)?
-12
What is (1 - -10) + (7 + -19 - -5)?
4
17 - ((1 - (8 + (-11 - -6))) + 8)
11
Evaluate (-4 - -21 - 28) + -8.
-19
18 - (1 - 3) - (38 + -42) - 8
16
Evaluate (-20 - 0 - (-236 + 241)) + 1.
-24
Calculate -4 - (-10 + (-29 - (-9 + -2)) + -4).
28
Evaluate (-32 - -22) + (-2 - -6 - 7).
-13
What is -150 - -161 - (7 + -1)?
5
-17 + 7 - (1 + 5 - -2 - 1)
-17
Calculate 80 + -67 + (8 - (-2 + 2)).
21
What is 7 - (3 + (3 - (-2 - -3))) - 3?
-1
What is 34 - (37 - (-33 - -7))?
-29
Calculate 4 - (9 - 11 - 2) - -15.
23
(79 - 82 - (-14 - -1)) + -5
5
What is (-431 - -436) + (-1 - 34)?
-30
Evaluate (6 - -1) + (7 - (16 + (-12 - -5))).
5
What is the 